False
Is 21367 composite?
True
Is 6289 prime?
False
Is 155389 composite?
True
Is 318931 a composite number?
True
Is 32999 prime?
True
Is 7801 a prime number?
False
Is 106531 a prime number?
True
Is 416201 composite?
False
Is 49505 a prime number?
False
Is 26279 a composite number?
True
Is 93371 a composite number?
False
Is 42754 composite?
True
Is 73779 a prime number?
False
Is 59894 a composite number?
True
Is 828593 a prime number?
False
Is 5109613 a prime number?
False
Is 247822 prime?
False
Is 71419 prime?
True
Is 248147 prime?
False
Is 14483 a composite number?
True
Is 27997 composite?
False
Is 619681 composite?
False
Is 185323 prime?
True
Is 3295633 a prime number?
False
Is 567257 a prime number?
True
Is 61729 prime?
True
Is 142397 prime?
False
Is 306041 a prime number?
True
Is 1511 a composite number?
False
Is 309 a composite number?
True
Is 8623 composite?
False
Is 11341 composite?
True
Is 84499 composite?
False
Is 35251 composite?
False
Is 67109 a composite number?
True
Is 2179 a prime number?
True
Is 30689 composite?
False
Is 659453 a prime number?
True
Is 71959 a composite number?
True
Is 5961 a prime number?
False
Is 281171 a composite number?
True
Is 4443 a prime number?
False
Is 7921 a composite number?
True
Is 517442 composite?
True
Is 23251 a composite number?
False
Is 7022 prime?
False
Is 32483 prime?
False
Is 418802 a prime number?
False
Is 10487 composite?
False
Is 10831 composite?
False
Is 1199 a prime number?
False
Is 169503 a prime number?
False
Is 20039 a composite number?
True
Is 7453 prime?
False
Is 18101 composite?
True
Is 656423 a composite number?
False
Is 7387 prime?
False
Is 2031733 composite?
True
Is 563197 a composite number?
False
Is 219445 a composite number?
True
Is 21309 composite?
True
Is 7219 a prime number?
True
Is 168433 prime?
True
Is 46841 prime?
False
Is 7522 a composite number?
True
Is 4493 composite?
False
Is 41991 composite?
True
Is 3499 prime?
True
Is 6907 a prime number?
True
Is 19451 a composite number?
True
Is 631 prime?
True
Is 9229 prime?
False
Is 73999 prime?
True
Is 246821 prime?
False
Is 50947 a composite number?
True
Is 91121 composite?
False
Is 179913 prime?
False
Is 301 a composite number?
True
Is 12059 composite?
True
Is 294127 composite?
False
Is 10487 a composite number?
False
Is 620461 a composite number?
False
Is 1481 prime?
True
Is 229339 prime?
False
Is 1133 composite?
True
Is 3353 a prime number?
False
Is 48299 a prime number?
True
Is 55849 a prime number?
True
Is 17049 a prime number?
False
Is 26849 a composite number?
False
Is 1271479 composite?
True
Is 293609 prime?
False
Is 593 prime?
True
Is 42523 a composite number?
True
Is 1937 prime?
False
Is 3419 a prime number?
False
Is 2378399 a composite number?
False
Is 45515 a prime number?
False
Is 17039 prime?
False
Is 421847 prime?
True
Is 28277 prime?
True
Is 23531 a prime number?
True
Is 12421 a prime number?
True
Is 138597 a prime number?
False
Is 5051 a prime number?
True
Is 61991 composite?
False
Is 14203 a prime number?
False
Is 428489 prime?
True
Is 5833 a composite number?
True
Is 8465 a prime number?
False
Is 52501 a composite number?
False
Is 20639 a composite number?
False
Is 387743 a composite number?
False
Is 1258709 a prime number?
True
Is 131611 prime?
True
Is 36229 a prime number?
True
Is 270019 a composite number?
True
Is 17569 prime?
True
Is 3554 a prime number?
False
Is 5251 prime?
False
Is 589 a prime number?
False
Is 1028627 composite?
True
Is 236323 a composite number?
False
Is 58033 a composite number?
True
Is 181057 a composite number?
True
Is 1746791 composite?
True
Is 1158281 a prime number?
False
Is 46555 composite?
True
Is 3173 composite?
True
Is 633 composite?
True
Is 55091 composite?
True
Is 7039 a prime number?
True
Is 53971 a composite number?
True
Is 121687 composite?
False
Is 190979 a prime number?
True
Is 652502 prime?
False
Is 1471 a composite number?
False
Is 146503 composite?
True
Is 3645095 prime?
False
Is 103117 composite?
True
Is 1259 a prime number?
True
Is 76807 a prime number?
False
Is 2219 prime?
False
Is 242057 a composite number?
False
Is 499 a composite number?
False
Is 1060673 a composite number?
False
Is 29473 prime?
True
Is 16841 prime?
False
Is 839 prime?
True
Is 263819 a prime number?
True
Is 879 a prime number?
False
Is 61861 prime?
True
Is 13939 composite?
True
Is 5257 composite?
True
Is 238319 composite?
True
Is 117421 a composite number?
True
Is 27463 composite?
True
Is 127334 a prime number?
False
Is 427529 a composite number?
False
Is 24071 a composite number?
False
Is 1077 a prime number?
False
Is 403483 prime?
True
Is 519539 prime?
True
Is 24177 a prime number?
False
Is 3419027 a composite number?
False
Is 7417 a composite number?
False
Is 123527 prime?
True
Is 668797 a prime number?
False
Is 1546811 prime?
False
Is 464821 a prime number?
False
Is 28642 prime?
False
Is 7079 composite?
False
Is 564007 prime?
False
Is 255313 prime?
True
Is 1592987 a prime number?
False
Is 5923 a composite number?
False
Is 77218 a composite number?
True
Is 24655 a prime number?
False
Is 1906477 prime?
True
Is 6197 a prime number?
True
Is 258523 a composite number?
True
Is 44017 a prime number?
True
Is 10313 prime?
True
Is 28327 prime?
False
Is 63563 a composite number?
True
Is 24797 prime?
False
Is 5357 a composite number?
True
Is 449 prime?
True
Is 664799 prime?
True
Is 7057 composite?
False
Is 7453 composite?
True
Is 122351 a prime number?
False
Is 373049 a composite number?
False
Is 204577 prime?
False
Is 45397 a composite number?
True
Is 523261 a composite number?
False
Is 18301 prime?
True
Is 60877 a composite number?
True
Is 166393 prime?
True
Is 14621 a composite number?
False
Is 74539 a composite number?
True
Is 51833 a prime number?
False
Is 392383 composite?
False
Is 933739 a composite number?
False
Is 25663 prime?
False
Is 1529 prime?
False
Is 583969 a composite number?
False
Is 27505 prime?
False
Is 9469 a composite number?
True
Is 32707 composite?
False
Is 1291177 prime?
True
Is 13367 prime?
True
Is 15877 prime?
True
Is 533167 prime?
True
Is 451 prime?
False
Is 45659 a composite number?
False
Is 1372255 composite?
True
Is 282193 composite?
True
Is 688511 composite?
False
Is 1253 a composite number?
True
Is 79139 a prime number?
True
Is 3491 a prime number?
True
Is 3389 a prime number?
True
Is 247831 a prime number?
False
Is 2722 composite?
True
Is 73741 a prime number?
False
Is 4900031 composite?
False
Is 61331 prime?
True
Is 699 prime?
False
Is 13798 composite?
True
Is 265067 a composite number?
True
Is 358249 a prime number?
False
Is 562439 a composite number?
False
Is 1259 a composite number?
False
Is 159667 a composite number?
False
Is 777453 composite?
True
Is 59741 a prime number?
False
Is 27127 prime?
True
Is 567179 prime?
True
Is 134114 a composite number?
True
Is 191899 a composite number?
False
Is 14489 composite?
False
Is 19279 a prime number?
False
Is 3925459 prime?
True
Is 37057 a composite number?
False
Is 1645087 prime?
True
Is 23479 a prime number?
False
Is 51713 prime?
True
Is 4699 a prime number?
False
Is 54863 a composite number?
True
Is 82393 a composite number?
False
Is 4861 a prime number?
True
Is 2352243 a composite number?
True
Is 454673 composite?
False
Is 1511 prime?
True
Is 8419 composite?
False
Is 137803 a composite number?
False
Is 564647 a composite number?
True
Is 541 composite?
False
Is 9629 a composite number?
False
Is 515314 prime?
False
Is 1035163 a composite number?
False
Is 1107317 prime?
True
Is 7741 prime?
True
Is 24317 composite?
False
Is 47033 composite?
True
Is 376214 composite?
True
Is 1511065 a composite number?
True
Is 315227 prime?
False
Is 57457 composite?
False
Is 422741 prime?
False
Is 652963 a prime number?
False
Is 2495 a composite number?
True
Is 45001 a prime number?
False
Is 422 composite?
True
Is 17159 a composite number?
False
Is 49143 composite?
True
Is 18617 composite?
False
Is 8299 a prime number?
False
Is 18587 a composite number?
False
Is 23719 a prime number?
True
Is 23783 composite?
True
Is 4153 a prime number?
True
Is 60077 prime?
True
Is 307067 composite?
False
Is 1597 composite?
False
Is 7493 a composite number?
True
Is 682501 composite?
True
Is 97319 composite?
True
Is 49618 a prime number?
False
Is 26749